{"id":224,"date":"2025-02-08T19:26:59","date_gmt":"2025-02-08T18:26:59","guid":{"rendered":"https:\/\/xn--bltdragr-b0a9q.dk\/?page_id=224"},"modified":"2025-02-24T16:48:27","modified_gmt":"2025-02-24T15:48:27","slug":"et-ungt-dragoer","status":"publish","type":"page","link":"https:\/\/xn--bltdragr-b0a9q.dk\/?page_id=224","title":{"rendered":"Et ungt Drag\u00f8r"},"content":{"rendered":"<p>[et_pb_section fb_built=&#8221;1&#8243; _builder_version=&#8221;4.27.4&#8243; _module_preset=&#8221;default&#8221; global_colors_info=&#8221;{}&#8221;][et_pb_row column_structure=&#8221;3_5,2_5&#8243; _builder_version=&#8221;4.27.4&#8243; _module_preset=&#8221;default&#8221; global_colors_info=&#8221;{}&#8221;][et_pb_column type=&#8221;3_5&#8243; _builder_version=&#8221;4.27.4&#8243; _module_preset=&#8221;default&#8221; global_colors_info=&#8221;{}&#8221;][et_pb_text _builder_version=&#8221;4.27.4&#8243; _module_preset=&#8221;default&#8221; global_colors_info=&#8221;{}&#8221;]<\/p>\n<h2 style=\"font-weight: 400;\"><\/h2>\n<h2 style=\"font-weight: 400;\"><strong><em><\/em><\/strong><\/h2>\n<h2 style=\"font-weight: 400;\"><strong><em>ET UNGT DRAG\u00d8R<\/em><\/strong><\/h2>\n<p><strong><em><\/em><\/strong><\/p>\n<p style=\"font-weight: 400;\">Drag\u00f8r er et pragtfuldt sted at vokse op i. Det n\u00e6re, det trygge og det sociale f\u00e6lleskab st\u00e5r i centrum og mange af vores b\u00f8rn vender da heldigvis ogs\u00e5 tilbage, n\u00e5r de stifter familie.<\/p>\n<p style=\"font-weight: 400;\">\n<p style=\"font-weight: 400;\">N\u00e5r man er ung i Drag\u00f8r, kan det opleves lidt kedeligt og langt v\u00e6k fra den sp\u00e6ndende storby.<\/p>\n<p style=\"font-weight: 400;\">\n<p style=\"font-weight: 400;\">S\u00e5 hvad kan vi g\u00f8re, s\u00e5 Drag\u00f8r opleves som et interessant sted, ogs\u00e5 at v\u00e6re ung i?<\/p>\n<p style=\"font-weight: 400;\">\n<p style=\"font-weight: 400;\">Bl\u00e5t Drag\u00f8r foresl\u00e5r, at vi i langt h\u00f8jere grad s\u00e6tter fokus p\u00e5 de unge og hvad de \u00f8nsker og har behov for.<\/p>\n<p style=\"font-weight: 400;\">\n<p style=\"font-weight: 400;\">N\u00e6rheden til \u00d8resund giver nogle unikke muligheder for at skabe sp\u00e6ndende tiltag for de unge. Her t\u00e6nkes fx p\u00e5 udspringst\u00e5rn, hav-rutsjebane og lignende. Alle tiltag skal naturligvis tage hensyn til eventuelle naboer, s\u00e5 der ikke opst\u00e5r gener for disse.<\/p>\n<p style=\"font-weight: 400;\">\n<p style=\"font-weight: 400;\">Vi har mange velfungerende og dejlige klubber\/foreninger, som i h\u00f8j grad bliver samlingssteder for mange af vores unge, fx fodboldklubben, tennisklubben, badmintonklubben, h\u00e5ndboldklubben, sv\u00f8mmeklubben og vandklubberne for blot at n\u00e6vne nogle af idr\u00e6tsklubberne. Men unge g\u00e5r ogs\u00e5 til spejder, ridning og til forskellige kreative fritidsaktiviteter. En m\u00e6ngde frivillige s\u00f8rger for, at vores b\u00f8rn og unge har et bredt udvalg af dygtigt organiserede aktiviteter, de kan deltage i.<\/p>\n<p style=\"font-weight: 400;\">\n<p style=\"font-weight: 400;\">\n<p style=\"font-weight: 400;\">Men mange af disse vigtige klubber lider ofte under, at deres faciliteter enten ikke er tidssvarende eller er skaleret til de mange medlemmer. Fodboldklubben er blot et eksempel p\u00e5, hvordan klub og kommune kan samarbejde om bedre omkl\u00e6dningsfaciliteter, fx til den st\u00e6rkt voksende gruppe af piger\/kvinder, der ogs\u00e5 har gl\u00e6den ved at spille fodbold.<\/p>\n<p style=\"font-weight: 400;\">\n<p style=\"font-weight: 400;\">Hvorfor har de unge ikke sit eget UngeHus? \u00d8nsket har v\u00e6ret der i \u00e5revis, men intet er sket! Bl\u00e5t Drag\u00f8r ser positivt p\u00e5, at de unge f\u00e5r deres eget hus i UngDrag\u00f8rs\u00b4 regi. Ikke et hus til vilde fester, men til hyggeligt, afslappende samv\u00e6r, uden en konstant &#8220;Big-Brother-overv\u00e5gning&#8221;, men med et respektfuldt tilsyn af en UngDrag\u00f8r-medarbejder og beliggende, s\u00e5 der ikke opst\u00e5r nabogener.<\/p>\n<p style=\"font-weight: 400;\">\n<p style=\"font-weight: 400;\">P\u00e5 Drag\u00f8r Fort har man de senere \u00e5r kunne opleve sk\u00f8nne koncerter, hvor ikke mindst vores unge er str\u00f8mmet til. Det styrker sammenholdet blandt de unge og er med til at \u00f8ge gl\u00e6den og stoltheden hos dem ved at bo netop i Drag\u00f8r.<span>\u00a0 <\/span>Bl\u00e5t Drag\u00f8r bakker fuldt op om den slags private tiltag, som er med til at g\u00f8re vores by mere levende og sp\u00e6ndende.<\/p>\n<p style=\"font-weight: 400;\">\n<p style=\"font-weight: 400;\">\n<p style=\"font-weight: 400;\"><strong><em>Bl\u00e5t Drag\u00f8r garanterer, at vi stiller os positive over for alle tiltag, der g\u00f8r det mere interessant at v\u00e6re et ungt menneske i Drag\u00f8r. <\/em><\/strong><\/p>\n<p style=\"font-weight: 400;\">\n<p>[\/et_pb_text][\/et_pb_column][et_pb_column type=&#8221;2_5&#8243; _builder_version=&#8221;4.27.4&#8243; _module_preset=&#8221;default&#8221; global_colors_info=&#8221;{}&#8221;][et_pb_image src=&#8221;https:\/\/xn--bltdragr-b0a9q.dk\/wp-content\/uploads\/2025\/02\/Ungt.png&#8221; title_text=&#8221;Ungt&#8221; _builder_version=&#8221;4.27.4&#8243; _module_preset=&#8221;default&#8221; global_colors_info=&#8221;{}&#8221;][\/et_pb_image][\/et_pb_column][\/et_pb_row][\/et_pb_section]<\/p>\n","protected":false},"excerpt":{"rendered":"<p>ET UNGT DRAG\u00d8R Drag\u00f8r er et pragtfuldt sted at vokse op i. Det n\u00e6re, det trygge og det sociale f\u00e6lleskab st\u00e5r i centrum og mange af vores b\u00f8rn vender da heldigvis ogs\u00e5 tilbage, n\u00e5r de stifter familie. N\u00e5r man er ung i Drag\u00f8r, kan det opleves lidt kedeligt og langt v\u00e6k fra den sp\u00e6ndende storby. [&hellip;]<\/p>\n","protected":false},"author":1,"featured_media":0,"parent":0,"menu_order":0,"comment_status":"closed","ping_status":"closed","template":"","meta":{"_et_pb_use_builder":"on","_et_pb_old_content":"","_et_gb_content_width":"","footnotes":""},"class_list":["post-224","page","type-page","status-publish","hentry"],"yoast_head":"<!-- This site is optimized with the Yoast SEO plugin v26.6 - https:\/\/yoast.com\/wordpress\/plugins\/seo\/ -->\n<title>Et ungt Drag\u00f8r - Bl\u00e5t Drag\u00f8r<\/title>\n<meta name=\"robots\" content=\"index, follow, max-snippet:-1, max-image-preview:large, max-video-preview:-1\" \/>\n<link rel=\"canonical\" href=\"https:\/\/xn--bltdragr-b0a9q.dk\/?page_id=224\" \/>\n<meta property=\"og:locale\" content=\"da_DK\" \/>\n<meta property=\"og:type\" content=\"article\" \/>\n<meta property=\"og:title\" content=\"Et ungt Drag\u00f8r - Bl\u00e5t Drag\u00f8r\" \/>\n<meta property=\"og:description\" content=\"ET UNGT DRAG\u00d8R Drag\u00f8r er et pragtfuldt sted at vokse op i. Det n\u00e6re, det trygge og det sociale f\u00e6lleskab st\u00e5r i centrum og mange af vores b\u00f8rn vender da heldigvis ogs\u00e5 tilbage, n\u00e5r de stifter familie. N\u00e5r man er ung i Drag\u00f8r, kan det opleves lidt kedeligt og langt v\u00e6k fra den sp\u00e6ndende storby. [&hellip;]\" \/>\n<meta property=\"og:url\" content=\"https:\/\/xn--bltdragr-b0a9q.dk\/?page_id=224\" \/>\n<meta property=\"og:site_name\" content=\"Bl\u00e5t Drag\u00f8r\" \/>\n<meta property=\"article:publisher\" content=\"https:\/\/www.facebook.com\/people\/Blt-Dragr\/61571406537924\/\" \/>\n<meta property=\"article:modified_time\" content=\"2025-02-24T15:48:27+00:00\" \/>\n<meta name=\"twitter:card\" content=\"summary_large_image\" \/>\n<meta name=\"twitter:label1\" content=\"Estimeret l\u00e6setid\" \/>\n\t<meta name=\"twitter:data1\" content=\"3 minutter\" \/>\n<script type=\"application\/ld+json\" class=\"yoast-schema-graph\">{\"@context\":\"https:\/\/schema.org\",\"@graph\":[{\"@type\":\"WebPage\",\"@id\":\"https:\/\/xn--bltdragr-b0a9q.dk\/?page_id=224\",\"url\":\"https:\/\/xn--bltdragr-b0a9q.dk\/?page_id=224\",\"name\":\"Et ungt Drag\u00f8r - Bl\u00e5t Drag\u00f8r\",\"isPartOf\":{\"@id\":\"https:\/\/xn--bltdragr-b0a9q.dk\/#website\"},\"datePublished\":\"2025-02-08T18:26:59+00:00\",\"dateModified\":\"2025-02-24T15:48:27+00:00\",\"breadcrumb\":{\"@id\":\"https:\/\/xn--bltdragr-b0a9q.dk\/?page_id=224#breadcrumb\"},\"inLanguage\":\"da-DK\",\"potentialAction\":[{\"@type\":\"ReadAction\",\"target\":[\"https:\/\/xn--bltdragr-b0a9q.dk\/?page_id=224\"]}]},{\"@type\":\"BreadcrumbList\",\"@id\":\"https:\/\/xn--bltdragr-b0a9q.dk\/?page_id=224#breadcrumb\",\"itemListElement\":[{\"@type\":\"ListItem\",\"position\":1,\"name\":\"Hjem\",\"item\":\"https:\/\/xn--bltdragr-b0a9q.dk\/\"},{\"@type\":\"ListItem\",\"position\":2,\"name\":\"Et ungt Drag\u00f8r\"}]},{\"@type\":\"WebSite\",\"@id\":\"https:\/\/xn--bltdragr-b0a9q.dk\/#website\",\"url\":\"https:\/\/xn--bltdragr-b0a9q.dk\/\",\"name\":\"Bl\u00e5t Drag\u00f8r\",\"description\":\"En vision om frihed og kvalitet\",\"publisher\":{\"@id\":\"https:\/\/xn--bltdragr-b0a9q.dk\/#organization\"},\"potentialAction\":[{\"@type\":\"SearchAction\",\"target\":{\"@type\":\"EntryPoint\",\"urlTemplate\":\"https:\/\/xn--bltdragr-b0a9q.dk\/?s={search_term_string}\"},\"query-input\":{\"@type\":\"PropertyValueSpecification\",\"valueRequired\":true,\"valueName\":\"search_term_string\"}}],\"inLanguage\":\"da-DK\"},{\"@type\":\"Organization\",\"@id\":\"https:\/\/xn--bltdragr-b0a9q.dk\/#organization\",\"name\":\"Bl\u00e5t Drag\u00f8r\",\"url\":\"https:\/\/xn--bltdragr-b0a9q.dk\/\",\"logo\":{\"@type\":\"ImageObject\",\"inLanguage\":\"da-DK\",\"@id\":\"https:\/\/xn--bltdragr-b0a9q.dk\/#\/schema\/logo\/image\/\",\"url\":\"https:\/\/xn--bltdragr-b0a9q.dk\/wp-content\/uploads\/2025\/02\/Blaat-Dragoer.png\",\"contentUrl\":\"https:\/\/xn--bltdragr-b0a9q.dk\/wp-content\/uploads\/2025\/02\/Blaat-Dragoer.png\",\"width\":1247,\"height\":226,\"caption\":\"Bl\u00e5t Drag\u00f8r\"},\"image\":{\"@id\":\"https:\/\/xn--bltdragr-b0a9q.dk\/#\/schema\/logo\/image\/\"},\"sameAs\":[\"https:\/\/www.facebook.com\/people\/Blt-Dragr\/61571406537924\/\"]}]}<\/script>\n<!-- \/ Yoast SEO plugin. -->","yoast_head_json":{"title":"Et ungt Drag\u00f8r - Bl\u00e5t Drag\u00f8r","robots":{"index":"index","follow":"follow","max-snippet":"max-snippet:-1","max-image-preview":"max-image-preview:large","max-video-preview":"max-video-preview:-1"},"canonical":"https:\/\/xn--bltdragr-b0a9q.dk\/?page_id=224","og_locale":"da_DK","og_type":"article","og_title":"Et ungt Drag\u00f8r - Bl\u00e5t Drag\u00f8r","og_description":"ET UNGT DRAG\u00d8R Drag\u00f8r er et pragtfuldt sted at vokse op i. Det n\u00e6re, det trygge og det sociale f\u00e6lleskab st\u00e5r i centrum og mange af vores b\u00f8rn vender da heldigvis ogs\u00e5 tilbage, n\u00e5r de stifter familie. N\u00e5r man er ung i Drag\u00f8r, kan det opleves lidt kedeligt og langt v\u00e6k fra den sp\u00e6ndende storby. [&hellip;]","og_url":"https:\/\/xn--bltdragr-b0a9q.dk\/?page_id=224","og_site_name":"Bl\u00e5t Drag\u00f8r","article_publisher":"https:\/\/www.facebook.com\/people\/Blt-Dragr\/61571406537924\/","article_modified_time":"2025-02-24T15:48:27+00:00","twitter_card":"summary_large_image","twitter_misc":{"Estimeret l\u00e6setid":"3 minutter"},"schema":{"@context":"https:\/\/schema.org","@graph":[{"@type":"WebPage","@id":"https:\/\/xn--bltdragr-b0a9q.dk\/?page_id=224","url":"https:\/\/xn--bltdragr-b0a9q.dk\/?page_id=224","name":"Et ungt Drag\u00f8r - Bl\u00e5t Drag\u00f8r","isPartOf":{"@id":"https:\/\/xn--bltdragr-b0a9q.dk\/#website"},"datePublished":"2025-02-08T18:26:59+00:00","dateModified":"2025-02-24T15:48:27+00:00","breadcrumb":{"@id":"https:\/\/xn--bltdragr-b0a9q.dk\/?page_id=224#breadcrumb"},"inLanguage":"da-DK","potentialAction":[{"@type":"ReadAction","target":["https:\/\/xn--bltdragr-b0a9q.dk\/?page_id=224"]}]},{"@type":"BreadcrumbList","@id":"https:\/\/xn--bltdragr-b0a9q.dk\/?page_id=224#breadcrumb","itemListElement":[{"@type":"ListItem","position":1,"name":"Hjem","item":"https:\/\/xn--bltdragr-b0a9q.dk\/"},{"@type":"ListItem","position":2,"name":"Et ungt Drag\u00f8r"}]},{"@type":"WebSite","@id":"https:\/\/xn--bltdragr-b0a9q.dk\/#website","url":"https:\/\/xn--bltdragr-b0a9q.dk\/","name":"Bl\u00e5t Drag\u00f8r","description":"En vision om frihed og kvalitet","publisher":{"@id":"https:\/\/xn--bltdragr-b0a9q.dk\/#organization"},"potentialAction":[{"@type":"SearchAction","target":{"@type":"EntryPoint","urlTemplate":"https:\/\/xn--bltdragr-b0a9q.dk\/?s={search_term_string}"},"query-input":{"@type":"PropertyValueSpecification","valueRequired":true,"valueName":"search_term_string"}}],"inLanguage":"da-DK"},{"@type":"Organization","@id":"https:\/\/xn--bltdragr-b0a9q.dk\/#organization","name":"Bl\u00e5t Drag\u00f8r","url":"https:\/\/xn--bltdragr-b0a9q.dk\/","logo":{"@type":"ImageObject","inLanguage":"da-DK","@id":"https:\/\/xn--bltdragr-b0a9q.dk\/#\/schema\/logo\/image\/","url":"https:\/\/xn--bltdragr-b0a9q.dk\/wp-content\/uploads\/2025\/02\/Blaat-Dragoer.png","contentUrl":"https:\/\/xn--bltdragr-b0a9q.dk\/wp-content\/uploads\/2025\/02\/Blaat-Dragoer.png","width":1247,"height":226,"caption":"Bl\u00e5t Drag\u00f8r"},"image":{"@id":"https:\/\/xn--bltdragr-b0a9q.dk\/#\/schema\/logo\/image\/"},"sameAs":["https:\/\/www.facebook.com\/people\/Blt-Dragr\/61571406537924\/"]}]}},"_links":{"self":[{"href":"https:\/\/xn--bltdragr-b0a9q.dk\/index.php?rest_route=\/wp\/v2\/pages\/224","targetHints":{"allow":["GET"]}}],"collection":[{"href":"https:\/\/xn--bltdragr-b0a9q.dk\/index.php?rest_route=\/wp\/v2\/pages"}],"about":[{"href":"https:\/\/xn--bltdragr-b0a9q.dk\/index.php?rest_route=\/wp\/v2\/types\/page"}],"author":[{"embeddable":true,"href":"https:\/\/xn--bltdragr-b0a9q.dk\/index.php?rest_route=\/wp\/v2\/users\/1"}],"replies":[{"embeddable":true,"href":"https:\/\/xn--bltdragr-b0a9q.dk\/index.php?rest_route=%2Fwp%2Fv2%2Fcomments&post=224"}],"version-history":[{"count":8,"href":"https:\/\/xn--bltdragr-b0a9q.dk\/index.php?rest_route=\/wp\/v2\/pages\/224\/revisions"}],"predecessor-version":[{"id":413,"href":"https:\/\/xn--bltdragr-b0a9q.dk\/index.php?rest_route=\/wp\/v2\/pages\/224\/revisions\/413"}],"wp:attachment":[{"href":"https:\/\/xn--bltdragr-b0a9q.dk\/index.php?rest_route=%2Fwp%2Fv2%2Fmedia&parent=224"}],"curies":[{"name":"wp","href":"https:\/\/api.w.org\/{rel}","templated":true}]}}